n factor of 22 and 440523468.
22
Calculate the greatest common factor of 11334614 and 20910.
1394
Calculate the highest common factor of 3813734457 and 549.
549
Calculate the highest common divisor of 1099699 and 36994.
349
What is the greatest common divisor of 1926 and 78460425?
963
Calculate the greatest common factor of 357 and 556857.
21
What is the highest common divisor of 3390 and 10056774?
678
Calculate the highest common divisor of 6239872 and 33408.
3712
What is the greatest common divisor of 287185 and 7885?
95
What is the highest common factor of 6096 and 42182288?
2032
What is the highest common divisor of 1963540 and 170?
10
Calculate the highest common factor of 21641 and 12538214.
323
Calculate the greatest common factor of 3858 and 202426688.
1286
What is the greatest common factor of 4399 and 680683?
83
What is the greatest common divisor of 50 and 1276685?
5
What is the highest common divisor of 752715 and 9375?
15
Calculate the highest common factor of 1724 and 33576.
4
Calculate the greatest common divisor of 443250 and 1331720.
1970
Calculate the greatest common divisor of 7227550 and 25850.
550
Calculate the highest common factor of 211257 and 38187.
9
What is the greatest common factor of 1444 and 1332014?
38
Calculate the greatest common factor of 67710960 and 15.
15
Calculate the greatest common divisor of 116467 and 9754243.
527
What is the greatest common factor of 1313180 and 18260?
220
Calculate the greatest common divisor of 55 and 29864549.
11
What is the highest common divisor of 13977999 and 14?
7
What is the highest common factor of 34 and 287635053?
17
Calculate the greatest common divisor of 460414 and 102258.
46
Calculate the highest common divisor of 238143 and 11774199.
1461
What is the greatest common factor of 193314 and 3486?
6
What is the greatest common divisor of 841 and 63442343?
29
What is the greatest common factor of 325527 and 155154?
57
Calculate the highest common factor of 26970 and 6145680.
870
What is the highest common factor of 75 and 128266710?
15
What is the greatest common factor of 12573828 and 16068?
1236
What is the greatest common divisor of 23712 and 962?
26
What is the highest common factor of 607882 and 1408?
22
What is the highest common divisor of 171 and 375681813?
57
What is the highest common factor of 418 and 1142356?
38
What is the highest common factor of 25 and 90389270?
5
What is the greatest common factor of 81670988 and 11396?
1036
What is the highest common factor of 866 and 1832889?
433
Calculate the highest common divisor of 466825 and 695800.
1775
What is the greatest common factor of 178944 and 10280892?
2796
What is the highest common factor of 206567 and 20329?
29
What is the greatest common divisor of 418145 and 33995?
65
What is the greatest common factor of 16493205 and 435?
15
Calculate the highest common divisor of 54740 and 564604.
1564
Calculate the greatest common factor of 17686 and 4004206.
478
What is the greatest common factor of 153362 and 8844?
22
What is the highest common factor of 2028 and 6711289?
13
Calculate the greatest common factor of 217 and 167096293.
217
Calculate the greatest common divisor of 99 and 141943791.
33
Calculate the greatest common factor of 391 and 481183.
23
What is the greatest common factor of 10678 and 1123584?
38
Calculate the greatest common divisor of 255 and 2306235.
15
What is the greatest common divisor of 6023 and 13200197?
317
Calculate the greatest common factor of 3465 and 27972252.
693
Calculate the highest common divisor of 141877545 and 3255.
465
Calculate the greatest common divisor of 789725 and 64325.
775
What is the highest common factor of 80 and 289745080?
40
What is the highest common divisor of 7390 and 89950341?
739
Calculate the highest common divisor of 59317126 and 3344.
418
Calculate the greatest common factor of 9618 and 25442358.
1374
What is the greatest common factor of 911164 and 12?
4
What is the greatest common factor of 2044 and 37997288?
28
What is the highest common factor of 2611 and 977633?
373
What is the highest common factor of 5451897 and 4323?
33
Calculate the greatest common factor of 8013972 and 19.
19
What is the highest common divisor of 3838 and 307078?
38
Calculate the highest common factor of 89768758 and 11030.
2206
Calculate the greatest common factor of 10260478 and 548.
274
What is the greatest common divisor of 22967 and 84287539?
1351
What is the highest common factor of 1247255 and 6219?
691
Calculate the greatest common factor of 17355 and 30390919.
1157
What is the highest common divisor of 107602 and 7303?
67
What is the greatest common divisor of 2055 and 107647750?
685
What is the greatest common factor of 4 and 37619987?
1
Calculate the highest common divisor of 218323 and 945.
7
Calculate the highest common divisor of 675 and 66454155.
135
What is the highest common factor of 74133348 and 8436?
444
What is the greatest common divisor of 48922 and 12913804?
802
What is the highest common divisor of 18721386 and 9078?
102
What is the highest common factor of 147 and 377713455?
21
What is the highest common factor of 113159292 and 23820?
4764
Calculate the highest common factor of 92665 and 77830.
215
Calculate the greatest common factor of 1073259 and 1146519.
3663
Calculate the greatest common divisor of 142244 and 40936.
172
Calculate the highest common factor of 103135721 and 689.
689
What is the highest common factor of 2617486232 and 1436?
1436
What is the highest common factor of 7149002 and 441?
49
What is the greatest common divisor of 36 and 30581217?
9
Calculate the highest common factor of 251536 and 320.
16
What is the greatest common factor of 385404371 and 422?
211
Calculate the greatest common divisor of 65 and 163797075.
65
What is the greatest common factor of 4167059 and 247?
13
What is the greatest common factor of 268 and 783163?
67
What is the greatest common divisor of 1621448 and 16147?
241
What is the greatest common factor of 325167953 and 13508?
3377
Calculate the greatest common divisor of 4698 and 1491858.
162
Calculate the highest common divisor of 8887746 and 9.
3
Calculate the greatest common factor of 32 and 2888076.
4
Calculate the greatest common factor of 6897 and 677844.
57
What is the greatest common factor of 5282 and 1489695?
19
What is the highest common factor of 6299040 and 192?
96
Calculate the highest common divisor of 1184 and 2139118.
74
What is the highest common factor of 27452795 and 2690?
1345
What is the highest common divisor of 12294952 and 438?
146
Calculate the greatest common factor of 806 and 127738.
26
What is the highest common divisor of 8410 and 63580?
10
What is the greatest common divisor of 8398 and 273904?
646
What is the highest common factor of 1629 and 2091375?
9
Calculate the greatest common divisor of 256836054 and 20336.
2542
What is the highest common factor of 1504 and 47744621?
47
What is the greatest common factor of 26597256 and 651?
651
What is the greatest common factor of 4021893 and 2452?
613
What is the highest common divisor of 166 and 316721526?
166
What is the greatest common factor of 1086689088 and 81?
27
What is the highest common divisor of 4515 and 1814729?
301
What is the highest common factor of 9828 and 1398600?
756
Calculate the highest common divisor of 338685 and 39195.
1005
Calculate the greatest common divisor of 142 and 145363909.
71
Calculate the highest common factor of 618 and 1986144.
6
Calculate the highest common factor of 1090 and 260742715.
545
Calculate the greatest common factor of 6653190 and 80.
10
Calculate the highest common factor of 1402 and 139163922.
1402
Calculate the greatest common factor of 7119 and 1221633.
63
What is the highest common factor of 12843 and 2592?
9
What is the greatest common divisor of 23633 and 191?
1
What is the highest common factor of 1450487462 and 3539?
3539
Calculate the greatest common divisor of 4721495 and 10.
5
What is the greatest common divisor of 97 and 329584757?
97
What is the greatest common divisor of 370663790 and 2030?
2030
Calculate the highest common factor of 625 and 83500750.
125
Calculate the highest common divisor of 15084 and 1082682.
18
Calculate the highest common divisor of 213796790